he prime factors of 211189.
11, 73, 263
What are the prime factors of 5622702?
2, 3, 97, 9661
What are the prime factors of 5652326?
2, 1297, 2179
What are the prime factors of 208566?
2, 3, 11587
List the prime factors of 3621761.
11, 13, 19, 31, 43
What are the prime factors of 20620968?
2, 3, 47, 101, 181
What are the prime factors of 844566?
2, 3, 140761
List the prime factors of 711720.
2, 3, 5, 659
List the prime factors of 1387621.
29, 59, 811
What are the prime factors of 524235?
3, 5, 34949
List the prime factors of 2686099.
13, 206623
List the prime factors of 5922640.
2, 5, 101, 733
What are the prime factors of 4285973?
89, 48157
What are the prime factors of 80725?
5, 3229
List the prime factors of 3139656.
2, 3, 13, 29, 347
What are the prime factors of 1020629?
17, 60037
What are the prime factors of 1612566?
2, 3, 101, 887
What are the prime factors of 245492?
2, 13, 4721
List the prime factors of 5605982.
2, 2802991
List the prime factors of 184061.
103, 1787
What are the prime factors of 339996?
2, 3, 29, 977
What are the prime factors of 1883815?
5, 23, 16381
List the prime factors of 250454.
2, 97, 1291
List the prime factors of 7191737.
7, 1027391
List the prime factors of 1973822.
2, 41, 24071
What are the prime factors of 5236456?
2, 23, 149, 191
List the prime factors of 758214.
2, 3, 19, 739
List the prime factors of 33043.
173, 191
List the prime factors of 2271515.
5, 454303
What are the prime factors of 20017?
37, 541
List the prime factors of 553726.
2, 29, 9547
What are the prime factors of 12498291?
3, 13, 106823
List the prime factors of 150815.
5, 7, 31, 139
List the prime factors of 1886370.
2, 3, 5, 227, 277
List the prime factors of 197262.
2, 3, 13, 281
What are the prime factors of 2804257?
2804257
List the prime factors of 2189170.
2, 5, 179, 1223
What are the prime factors of 431607?
3, 11, 29, 41
What are the prime factors of 63553?
7, 1297
List the prime factors of 2168193.
3, 701, 1031
List the prime factors of 2412152.
2, 211, 1429
What are the prime factors of 1286196?
2, 3, 107183
What are the prime factors of 11778142?
2, 389, 15139
What are the prime factors of 5341981?
109, 49009
List the prime factors of 263375.
5, 7, 43
What are the prime factors of 387572?
2, 96893
List the prime factors of 389727.
3, 13, 3331
What are the prime factors of 95380?
2, 5, 19, 251
What are the prime factors of 905736?
2, 3, 13, 2903
What are the prime factors of 2281928?
2, 11, 25931
List the prime factors of 243025.
5, 9721
What are the prime factors of 324769?
79, 4111
List the prime factors of 3529529.
109, 32381
What are the prime factors of 40443220?
2, 5, 31, 37, 41, 43
List the prime factors of 32852.
2, 43, 191
List the prime factors of 38621434.
2, 19310717
List the prime factors of 1837027.
1837027
What are the prime factors of 330337?
7, 41, 1151
List the prime factors of 307621.
283, 1087
List the prime factors of 2589299.
71, 36469
What are the prime factors of 1891024?
2, 118189
List the prime factors of 202507.
29, 6983
List the prime factors of 530571.
3, 176857
What are the prime factors of 2577927?
3, 11, 191, 409
List the prime factors of 318754.
2, 47, 3391
What are the prime factors of 2714518?
2, 137, 9907
What are the prime factors of 4662471?
3, 11, 17, 8311
What are the prime factors of 2071593?
3, 37, 6221
What are the prime factors of 841937?
131, 6427
What are the prime factors of 25422?
2, 3, 19, 223
What are the prime factors of 14804024?
2, 1850503
What are the prime factors of 603838?
2, 29, 359
What are the prime factors of 16148031?
3, 103, 52259
What are the prime factors of 228867?
3, 76289
What are the prime factors of 405513?
3, 23, 653
List the prime factors of 1519915.
5, 303983
What are the prime factors of 2250832?
2, 140677
List the prime factors of 4140921.
3, 1380307
List the prime factors of 899126.
2, 449563
List the prime factors of 632279.
67, 9437
List the prime factors of 3304382.
2, 47, 35153
List the prime factors of 5357620.
2, 5, 19, 23, 613
List the prime factors of 8156989.
8156989
List the prime factors of 228993.
3, 37, 2063
List the prime factors of 4661977.
47, 99191
What are the prime factors of 13709136?
2, 3, 7, 40801
List the prime factors of 11104.
2, 347
List the prime factors of 128484.
2, 3, 43, 83
List the prime factors of 10178283.
3, 1213, 2797
List the prime factors of 3383286.
2, 3, 563881
List the prime factors of 372604.
2, 93151
List the prime factors of 7549686.
2, 3, 29, 1607
List the prime factors of 750471.
3, 37, 6761
List the prime factors of 2096050.
2, 5, 11, 37, 103
List the prime factors of 3654373.
31, 117883
What are the prime factors of 723177?
3, 7, 13, 883
List the prime factors of 8089370.
2, 5, 808937
List the prime factors of 348744.
2, 3, 11, 1321
What are the prime factors of 299973?
3, 99991
List the prime factors of 2372437.
2372437
What are the prime factors of 2220837?
3, 740279
List the prime factors of 15657182.
2, 137, 57143
What are the prime factors of 525415?
5, 11, 41, 233
What are the prime factors of 419386?
2, 11, 1733
List the prime factors of 3554590.
2, 5, 13, 37, 739
What are the prime factors of 197919?
3, 21991
List the prime factors of 319627.
7, 11, 593
What are the prime factors of 18142161?
3, 31, 195077
What are the prime factors of 1631062?
2, 41, 19891
List the prime factors of 35962857.
3, 7, 570839
List the prime factors of 138441.
3, 46147
List the prime factors of 2262625.
5, 23, 787
What are the prime factors of 106829?
317, 337
List the prime factors of 557473.
7, 31, 367
What are the prime factors of 406738?
2, 47, 4327
List the prime factors of 2723754.
2, 3, 11, 41269
List the prime factors of 4568161.
13, 351397
List the prime factors of 69287.
193, 359
What are the prime factors of 568035?
3, 5, 13, 971
What are the prime factors of 4069925?
5, 263, 619
What are the prime factors of 56272?
2, 3517
List the prime factors of 4286667.
3, 7, 11, 241
List the prime factors of 776281.
11, 70571
What are the prime factors of 24865?
5, 4973
List the prime factors of 20694441.
3, 71, 97157
List the prime factors of 12026730.
2, 3, 5, 503, 797
What are the prime factors of 1871514?
2, 3, 173, 601
List the prime factors of 18130106.
2, 101, 89753
List the prime factors of 125131.
125131
List the prime factors of 18036897.
3, 149, 40351
List the prime factors of 8541922.
2, 17, 251233
What are the prime factors of 434298?
2, 3, 72383
List the prime factors of 4499943.
3, 7, 214283
List the prime factors of 7933241.
19, 31, 13469
What are the prime factors of 1197475?
5, 19, 2521
List the prime factors of 377530.
2, 5, 19, 1987
List the prime factors of 147142.
2, 73571
What are the prime factors of 208193?
61, 3413
What are the prime factors of 11571589?
19, 709, 859
List the prime factors of 6345931.
83, 101, 757
What are the prime factors of 983303?
29, 41, 827
List the prime factors of 8736286.
2, 13, 25847
What are the prime factors of 308123?
19, 16217
What are the prime factors of 5787756?
2, 3, 13, 83, 149
What are the prime factors of 7719093?
3, 31, 73, 379
What are the prime factors of 307442?
2, 347, 443
What are the prime factors of 146457?
3, 16273
What are the prime factors of 5293893?
3, 11, 59, 2719
List the prime factors of 14650614.
2, 3, 11, 61, 1213
What are the prime factors of 33766?
2, 16883
What are the prime factors of 13246119?
3, 137, 3581
What are the prime factors of 4082224?
2, 23, 11093
What are the prime factors of 1042274?
2, 521137
What are the prime factors of 566367?
3, 71, 2659
List the prime factors of 193329.
3, 21481
What are the prime factors of 246705?
3, 5, 16447
What are the prime factors of 196185?
3, 5, 11, 29, 41
What are the prime factors of 8273919?
3, 499, 5527
List the prime factors of 215562.
2, 3, 37, 971
List the prime factors of 353149.
353149
List the prime factors of 34710515.
5, 7, 17, 58337
List the prime factors of 420076.
2, 105019
List the prime factors of 343785.
3, 5, 13, 41, 43
What are the prime factors of 94943?
19, 263
List the prime factors of 970607.
11, 88237
List the prime factors of 489248.
2, 15289
List the prime factors of 4792443.
3, 67, 113, 211
List the prime factors of 7844796.
2, 3, 19, 3823
What are the prim